be u/(-28) - (-4 - (-240)/(-42)). What is the highest common divisor of 85 and o?
5
Let j(a) = a**2 + 11*a - 5. Let u be j(-11). Let t be 10/3*(-144)/u. Let z = 2182 + -2170. What is the greatest common factor of t and z?
12
Suppose 3*x = -2*v + 14, -3*x + 3*v = -x - 5. Suppose 3*z - 101 = -2*l, -x*l - l - 4*z + 242 = 0. Calculate the greatest common divisor of l and 115.
23
Suppose 0 = s - 2*n + 13, -13*s - n = -12*s + 19. Let q = s - -65. Calculate the greatest common divisor of 1200 and q.
48
Suppose -3*m - 7 = -4*f - 32, m = f + 10. Let w be 40/(5*2/m). Calculate the highest common divisor of w and 135.
15
Suppose -253 = -90*z + 2216 + 2841. Calculate the greatest common factor of z and 118.
59
Let z be (-23 - 3 - 5)*4. Let p = z - -139. Let c be (-6)/(36/p)*70/(-1). What is the highest common divisor of 25 and c?
25
Let g be (35 + 2 + -2)*3. Let s(m) = -13*m + 21. Let y be (-1)/(-6) - -1*(-4)/24. Let n be s(y). What is the highest common factor of g and n?
21
Suppose -u + 133 = -5*y, 2*u = -y + 6*y + 266. Let q = -128 + u. Calculate the greatest common divisor of 235 and q.
5
Let s(z) = -4*z**2 - 2*z + 10. Let f be s(-5). Let c be ((-66)/12)/(2/f). Suppose c = -0*p + 5*p. Calculate the greatest common divisor of p and 110.
22
Suppose 0 = 26*o - 15 - 11. Let q(t) = 32*t**3 - t**2 + 6*t - 6. Let m be q(o). What is the greatest common divisor of 279 and m?
31
Let h = -127 - -195. Let q = 422 - 415. Let y(s) = -s**3 + 10*s**2 - 2*s + 37. Let j be y(q). What is the greatest common factor of j and h?
34
Let u be (3384/27 - 4/12)*-1. Let p be (-312)/(-7) - (u/(-35) + -4). What is the greatest common divisor of p and 240?
15
Suppose -19*t + 12599 + 33837 = 0. Calculate the greatest common factor of t and 52.
52
Let u be 732/(-72)*-1*6. What is the greatest common factor of 5063 and u?
61
Let d = -421 + 1971. What is the greatest common divisor of 496 and d?
62
Let w(r) = -r**3 - 4*r**2 + 326*r + 1689. Let x be w(-5). Calculate the greatest common divisor of 6034 and x.
14
Let p be 2/((-36)/21 + 2). Let w = -296 - -303. Calculate the highest common factor of w and p.
7
Let g(s) = -s**2 + 20*s - 263. Let q be g(0). Let r = 326 + q. What is the highest common divisor of r and 18?
9
Let s be (-23 - -2)*(-20)/(-6). Let v = 1046 - 1004. Let o = v - s. Calculate the highest common divisor of o and 7.
7
Let p be 10*(-2)/(-70)*413. Calculate the greatest common divisor of 3658 and p.
118
Let m = 47 - 42. Suppose 0 = 3*g - m*b - 118, 3*b + 80 = 2*g - b. Let f be (12/(-8))/(3 - 110/g). What is the greatest common divisor of 18 and f?
9
Suppose -202*q + 203*q - 2 = 0. Suppose -2*z = q*p, -2*z + 5 = -8*p + 5*p. What is the greatest common factor of 11 and z?
1
Suppose 3*p - 46 = 5*q, -2*q = -3*p - 3*q + 70. Suppose t - 6*t = -10. Suppose -t*i = 9*i - 363. Calculate the greatest common divisor of p and i.
11
Let f(q) = 2*q**3 + 17*q**2 - 7*q - 14. Let w be f(-7). Calculate the highest common divisor of w and 28.
14
Let g = 8594 + -8216. Let s(n) = -n - 2. Let b be s(-5). Suppose -b*w + w = -g. Calculate the greatest common factor of w and 27.
27
Let x = -230 - -342. Let s = x - 87. What is the highest common divisor of 225 and s?
25
Let t be -56*(1/2)/(-1). Suppose 10536*b - 12300*b + 1136016 = 0. Calculate the highest common divisor of t and b.
28
Let y(u) = 8*u + 1448. Let q be y(-49). What is the highest common factor of q and 3936?
96
Let u be (9/(-4))/((-9)/48). Let m = 30 - u. What is the highest common factor of 45 and m?
9
Let q be (-20)/6*2088/(-20). Suppose -68 + 266 = 2*a + 3*y, -4*a - 5*y + 388 = 0. Calculate the highest common divisor of q and a.
87
Let m be (-64)/32 + 7/2 + 17750/4. Calculate the highest common factor of m and 193.
193
Suppose -2*z = 5*y - 40, 3*z + 9*y = 7*y + 38. Let u(b) = 10*b - 1. Let l be u(z). Calculate the greatest common factor of l and 132.
33
Let n(m) = 6*m**2 + 50*m + 25. Let x be n(-8). Let t be 2 - 1/(3/33). Let l = 10 + t. What is the highest common divisor of l and x?
1
Let l be 20/((-27)/14 + 2). Let p = 500 - l. Calculate the highest common divisor of 40 and p.
20
Let o(w) = 4*w - 30. Let j be o(8). Suppose j*m - 4*n + 12 = 0, n - 1 = 2*m - 4. Let u = m - -1. What is the greatest common factor of u and 1?
1
Suppose 188*n - 265*n + 535 = -1467. Let m be (4 - -9)/(1/17). What is the highest common factor of m and n?
13
Suppose 581 + 1033 = 4*g - w, 2*g - w - 808 = 0. What is the greatest common divisor of 279 and g?
31
Suppose 0 = -5*t + 2*p - 5*p + 184, 0 = 2*t - 5*p - 55. Let v = 18 + -10. Suppose 11*w - v*w = 42. What is the greatest common factor of w and t?
7
Suppose 10*a - 7*a - 9 = 0. Let c be 5/(a/(9/1)). Calculate the greatest common divisor of c and 135.
15
Let x(r) = 12*r + 74. Let h be x(-6). Suppose -h*m = 5*q - 58 - 73, -m - 3*q = -66. Calculate the highest common divisor of 84 and m.
21
Let q(g) = -g**3 - 1 - 681*g**2 + 686*g**2 - 15. Let j be q(-3). Calculate the highest common divisor of j and 8.
8
Suppose a - 1046 = 4*c, 5*c + a + 1306 = 3*a. Let n = 331 + c. Calculate the highest common divisor of 161 and n.
23
Suppose 0 = -s - 0*j - j + 6, -3*s + j - 2 = 0. Let a(c) = 2*c - 2. Let m be a(s). Suppose m = -k + 16 + 10. What is the greatest common divisor of 65 and k?
13
Let r(b) = -b**3 - 11*b**2 - 30*b - 2. Let u be r(-7). Suppose -6*d - u = -138. Calculate the greatest common factor of d and 147.
21
Let u be (-280)/(-50) - (-6)/(-10). Let a be 13 + 2*(-15)/10 + u. Calculate the highest common divisor of 45 and a.
15
Suppose 12*b - 30216 + 9264 = 0. Let c = b - 1197. Calculate the highest common factor of 18 and c.
9
Suppose -2*o + 4*q + 4 = 0, -q + 0*q = 2*o + 1. Suppose o = -85*j + 80*j + 340. Calculate the greatest common divisor of j and 85.
17
Let n = -1824 - -1901. Let q(p) = -p**3 + 6*p**2 + 8*p + 4. Suppose 2*v - 1 = s, -v - 3*v = -16. Let b be q(s). Calculate the greatest common factor of n and b.
11
Suppose 0 = -5*g + 339*j - 337*j + 388, -5 = -5*j. What is the highest common divisor of 51 and g?
3
Let s(a) = -46*a - 465. Let m be s(-30). What is the highest common divisor of m and 1464?
183
Let t be (-10 + -26 - 5/(-1))/(-1). Let v = -5 - -9. Suppose x - 2*x + d + 217 = 0, v*d = 0. What is the highest common factor of t and x?
31
Let u(q) = 20*q. Let w be u(4). Let k = -151125 + 151245. Calculate the highest common factor of w and k.
40
Let h(q) = 16*q**2 + 16*q - 387. Let d be h(18). Calculate the greatest common factor of d and 30.
15
Let g = -49070 + 49074. Suppose 4*l + 2*f - 146 = 0, -2*l + 2*f + 106 = l. Calculate the highest common divisor of l and g.
4
Let r = -2383 + 3406. Calculate the greatest common factor of 279 and r.
93
Suppose -109 = -48*u - 21 + 200. Let k be (7 + -4)*-1*-16. Calculate the greatest common divisor of k and u.
6
Suppose 3*d - 54*i - 285 = -53*i, 5*i + 190 = 2*d. Calculate the highest common factor of d and 133.
19
Let h be 20/(-7) + 90780/1246. What is the highest common divisor of h and 756?
14
Let n be ((-72)/20)/(-2 - 34/(-20)). Suppose -n*r = 2*r - 742. Calculate the highest common divisor of r and 53.
53
Let u = 583 + -594. Let z be 12/66*-23*u. Calculate the highest common divisor of 161 and z.
23
Let k(b) = -24*b + 57. Let q be k(3). Let p(y) = -y**2 - 15*y + 77. Let c be p(q). What is the highest common factor of c and 14?
7
Suppose -46 = -3*y + 2. Suppose -4*a + y = 0, 3*r + r = -3*a + 240. Let z = 600 - 597. What is the highest common factor of z and r?
3
Let m(x) = -41*x + 22. Let f be m(5). Let z = 197 + f. Calculate the greatest common factor of z and 21.
7
Let i(y) = -3*y**3 - 12*y**2 - 37*y - 40. Let r be i(-10). Suppose 15*v - 12*v + r = 3*d, -v = 4*d - 2840. What is the highest common divisor of d and 10?
10
Suppose -3*x - 348 = -j + 1111, -3*x + 4365 = 3*j. What is the greatest common factor of j and 1008?
112
Let l(q) = 13*q + 8. Let k = -45 - -47. Let d be l(k). Let b be (3/(-6)*d)/(-1). What is the greatest common divisor of b and 68?
17
Let d(h) = -7 + 19*h + 29 - h + 6*h. Let x be d(3). What is the greatest common divisor of 752 and x?
94
Let d = -18 + 9. Let r = 1783 + -1791. Let y = r - d. Calculate the highest common factor of y and 3.
1
Let g = 74 + -25. Suppose 45*i + 312 = g*i. Let j = i + -65. Calculate the greatest co